{"id":871,"date":"2025-04-01T20:30:03","date_gmt":"2025-04-01T20:30:03","guid":{"rendered":"https:\/\/facessclinica.com.br\/?page_id=871"},"modified":"2025-04-01T20:30:12","modified_gmt":"2025-04-01T20:30:12","slug":"limpeza-de-pele","status":"publish","type":"page","link":"https:\/\/facessclinica.com.br\/index.php\/limpeza-de-pele\/","title":{"rendered":"Limpeza de pele"},"content":{"rendered":"<p>A Limpeza de Pele \u00e9 um tratamento est\u00e9tico voltado para a remo\u00e7\u00e3o de impurezas, c\u00e9lulas mortas e excesso de oleosidade da pele, proporcionando um aspecto mais saud\u00e1vel e radiante. Realizada por profissionais qualificados, este procedimento ajuda a prevenir acne e cravos, al\u00e9m de preparar a pele para absorver melhor os produtos de cuidados di\u00e1rios.<\/p>\n<div class=\"elementor-element elementor-element-fce3328 elementor-widget__width-initial elementor-widget-mobile__width-inherit elementor-widget elementor-widget-text-editor\" data-id=\"fce3328\" data-element_type=\"widget\" data-widget_type=\"text-editor.default\">\n<p><b>Benef\u00edcios:<\/b><\/p>\n<ul>\n<li>Proporciona uma pele mais limpa e saud\u00e1vel.<\/li>\n<li>Melhora a textura e apar\u00eancia da pele.<\/li>\n<li>Previne o surgimento de acne e cravos.<\/li>\n<\/ul>\n<p><b>Indicado para:<\/b><\/p>\n<ul>\n<li>Pessoas que desejam melhorar a sa\u00fade e apar\u00eancia da pele.<\/li>\n<li>Quem sofre com acne, cravos e excesso de oleosidade.<\/li>\n<li>Quem busca preparar a pele para tratamentos est\u00e9ticos adicionais.<\/li>\n<\/ul>\n<p>&nbsp;<\/p>\n<\/div>\n<div class=\"elementor-element elementor-element-21fbd8e elementor-widget__width-inherit elementor-widget-mobile__width-inherit elementor-align-center elementor-widget elementor-widget-button\" data-id=\"21fbd8e\" data-element_type=\"widget\" data-widget_type=\"button.default\"><a class=\"elementor-button elementor-button-link elementor-size-sm elementor-animation-float\" href=\"https:\/\/web.whatsapp.com\/send?phone=1129360004&amp;text=Ol%C3%A1%20bom%20que%20voc%C3%AA%20veio!%20Como%20podemos%20ajudar%3F\" target=\"_blank\" rel=\"noopener\"><span class=\"elementor-button-content-wrapper\"><span class=\"elementor-button-text\">AGENDAR ATENDIMENTO<\/span><\/span><\/a><\/div>\n<p>&nbsp;<\/p>\n","protected":false},"excerpt":{"rendered":"<p>A Limpeza de Pele \u00e9 um tratamento est\u00e9tico voltado para a remo\u00e7\u00e3o de impurezas, c\u00e9lulas mortas e excesso de oleosidade [&hellip;]<\/p>\n","protected":false},"author":1,"featured_media":0,"parent":0,"menu_order":0,"comment_status":"closed","ping_status":"closed","template":"","meta":{"footnotes":""},"class_list":["post-871","page","type-page","status-publish","hentry"],"_links":{"self":[{"href":"https:\/\/facessclinica.com.br\/index.php\/wp-json\/wp\/v2\/pages\/871","targetHints":{"allow":["GET"]}}],"collection":[{"href":"https:\/\/facessclinica.com.br\/index.php\/wp-json\/wp\/v2\/pages"}],"about":[{"href":"https:\/\/facessclinica.com.br\/index.php\/wp-json\/wp\/v2\/types\/page"}],"author":[{"embeddable":true,"href":"https:\/\/facessclinica.com.br\/index.php\/wp-json\/wp\/v2\/users\/1"}],"replies":[{"embeddable":true,"href":"https:\/\/facessclinica.com.br\/index.php\/wp-json\/wp\/v2\/comments?post=871"}],"version-history":[{"count":1,"href":"https:\/\/facessclinica.com.br\/index.php\/wp-json\/wp\/v2\/pages\/871\/revisions"}],"predecessor-version":[{"id":878,"href":"https:\/\/facessclinica.com.br\/index.php\/wp-json\/wp\/v2\/pages\/871\/revisions\/878"}],"wp:attachment":[{"href":"https:\/\/facessclinica.com.br\/index.php\/wp-json\/wp\/v2\/media?parent=871"}],"curies":[{"name":"wp","href":"https:\/\/api.w.org\/{rel}","templated":true}]}}