{"id":816,"date":"2025-04-01T19:55:08","date_gmt":"2025-04-01T19:55:08","guid":{"rendered":"https:\/\/facessclinica.com.br\/?page_id=816"},"modified":"2025-05-23T21:07:58","modified_gmt":"2025-05-23T21:07:58","slug":"endodontia","status":"publish","type":"page","link":"https:\/\/facessclinica.com.br\/index.php\/endodontia\/","title":{"rendered":"Endodontia"},"content":{"rendered":"<p>O tratamento de canal, ou endodontia, \u00e9 um procedimento necess\u00e1rio quando a raiz de um dente est\u00e1 comprometida por infec\u00e7\u00e3o ou c\u00e1rie profunda. O objetivo \u00e9 remover o tecido infectado, desinfetar a \u00e1rea e selar o dente, garantindo a sua conserva\u00e7\u00e3o e funcionalidade.<\/p>\n<div class=\"elementor-element elementor-element-fce3328 elementor-widget__width-initial elementor-widget-mobile__width-inherit elementor-widget elementor-widget-text-editor\" data-id=\"fce3328\" data-element_type=\"widget\" data-widget_type=\"text-editor.default\">\n<p><b>Benef\u00edcios:<\/b><\/p>\n<ul>\n<li>Preserva\u00e7\u00e3o do dente original, evitando a extra\u00e7\u00e3o.<\/li>\n<li>Al\u00edvio da dor e preven\u00e7\u00e3o de infec\u00e7\u00f5es graves.<\/li>\n<li>Manuten\u00e7\u00e3o da sa\u00fade bucal e do alinhamento dent\u00e1rio.<\/li>\n<\/ul>\n<p><b>Indicado para:<\/b><\/p>\n<ul>\n<li>Pacientes com infec\u00e7\u00f5es na raiz dos dentes ou c\u00e1ries profundas que comprometeram a polpa dent\u00e1ria.<\/li>\n<li>Pessoas que desejam preservar seus dentes naturais e evitar a perda dent\u00e1ria.<\/li>\n<\/ul>\n<\/div>\n<div class=\"elementor-element elementor-element-21fbd8e elementor-widget__width-inherit elementor-widget-mobile__width-inherit elementor-align-center elementor-widget elementor-widget-button\" data-id=\"21fbd8e\" data-element_type=\"widget\" data-widget_type=\"button.default\"><a class=\"elementor-button elementor-button-link elementor-size-sm elementor-animation-float\" href=\"https:\/\/web.whatsapp.com\/send?phone=1129360004&amp;text=Ol%C3%A1%20bom%20que%20voc%C3%AA%20veio!%20Como%20podemos%20ajudar%3F\" target=\"_blank\" rel=\"noopener\"><span class=\"elementor-button-content-wrapper\"><span class=\"elementor-button-text\">AGENDAR ATENDIMENTO<\/span><\/span><\/a><\/div>\n","protected":false},"excerpt":{"rendered":"<p>O tratamento de canal, ou endodontia, \u00e9 um procedimento necess\u00e1rio quando a raiz de um dente est\u00e1 comprometida por infec\u00e7\u00e3o [&hellip;]<\/p>\n","protected":false},"author":1,"featured_media":0,"parent":0,"menu_order":0,"comment_status":"closed","ping_status":"closed","template":"","meta":{"footnotes":""},"class_list":["post-816","page","type-page","status-publish","hentry"],"_links":{"self":[{"href":"https:\/\/facessclinica.com.br\/index.php\/wp-json\/wp\/v2\/pages\/816","targetHints":{"allow":["GET"]}}],"collection":[{"href":"https:\/\/facessclinica.com.br\/index.php\/wp-json\/wp\/v2\/pages"}],"about":[{"href":"https:\/\/facessclinica.com.br\/index.php\/wp-json\/wp\/v2\/types\/page"}],"author":[{"embeddable":true,"href":"https:\/\/facessclinica.com.br\/index.php\/wp-json\/wp\/v2\/users\/1"}],"replies":[{"embeddable":true,"href":"https:\/\/facessclinica.com.br\/index.php\/wp-json\/wp\/v2\/comments?post=816"}],"version-history":[{"count":2,"href":"https:\/\/facessclinica.com.br\/index.php\/wp-json\/wp\/v2\/pages\/816\/revisions"}],"predecessor-version":[{"id":1032,"href":"https:\/\/facessclinica.com.br\/index.php\/wp-json\/wp\/v2\/pages\/816\/revisions\/1032"}],"wp:attachment":[{"href":"https:\/\/facessclinica.com.br\/index.php\/wp-json\/wp\/v2\/media?parent=816"}],"curies":[{"name":"wp","href":"https:\/\/api.w.org\/{rel}","templated":true}]}}