{"id":802,"date":"2025-04-01T19:31:21","date_gmt":"2025-04-01T19:31:21","guid":{"rendered":"https:\/\/facessclinica.com.br\/?page_id=802"},"modified":"2025-04-01T19:31:44","modified_gmt":"2025-04-01T19:31:44","slug":"odontologia","status":"publish","type":"page","link":"https:\/\/facessclinica.com.br\/index.php\/odontologia\/","title":{"rendered":"ODONTOLOGIA"},"content":{"rendered":"<p>Acreditamos que a sa\u00fade f\u00edsica e emocional caminham lado a lado, refletindo-se em sorrisos, express\u00f5es faciais e na beleza integral de cada paciente.<\/p>\n<p>Por isso, oferecemos tratamentos completos, cuidadosamente alinhados \u00e0s suas necessidades, promovendo n\u00e3o apenas a est\u00e9tica dental, mas tamb\u00e9m o bem-estar geral.<\/p>\n<p>&nbsp;<\/p>\n","protected":false},"excerpt":{"rendered":"<p>Acreditamos que a sa\u00fade f\u00edsica e emocional caminham lado a lado, refletindo-se em sorrisos, express\u00f5es faciais e na beleza integral [&hellip;]<\/p>\n","protected":false},"author":1,"featured_media":0,"parent":0,"menu_order":0,"comment_status":"closed","ping_status":"closed","template":"","meta":{"footnotes":""},"class_list":["post-802","page","type-page","status-publish","hentry"],"_links":{"self":[{"href":"https:\/\/facessclinica.com.br\/index.php\/wp-json\/wp\/v2\/pages\/802","targetHints":{"allow":["GET"]}}],"collection":[{"href":"https:\/\/facessclinica.com.br\/index.php\/wp-json\/wp\/v2\/pages"}],"about":[{"href":"https:\/\/facessclinica.com.br\/index.php\/wp-json\/wp\/v2\/types\/page"}],"author":[{"embeddable":true,"href":"https:\/\/facessclinica.com.br\/index.php\/wp-json\/wp\/v2\/users\/1"}],"replies":[{"embeddable":true,"href":"https:\/\/facessclinica.com.br\/index.php\/wp-json\/wp\/v2\/comments?post=802"}],"version-history":[{"count":1,"href":"https:\/\/facessclinica.com.br\/index.php\/wp-json\/wp\/v2\/pages\/802\/revisions"}],"predecessor-version":[{"id":803,"href":"https:\/\/facessclinica.com.br\/index.php\/wp-json\/wp\/v2\/pages\/802\/revisions\/803"}],"wp:attachment":[{"href":"https:\/\/facessclinica.com.br\/index.php\/wp-json\/wp\/v2\/media?parent=802"}],"curies":[{"name":"wp","href":"https:\/\/api.w.org\/{rel}","templated":true}]}}