{"id":1028,"date":"2025-05-23T21:06:15","date_gmt":"2025-05-23T21:06:15","guid":{"rendered":"https:\/\/facessclinica.com.br\/?page_id=1028"},"modified":"2025-06-04T17:14:46","modified_gmt":"2025-06-04T17:14:46","slug":"periodontia","status":"publish","type":"page","link":"https:\/\/facessclinica.com.br\/index.php\/periodontia\/","title":{"rendered":"Periodontia"},"content":{"rendered":"\n<p>Foca na sa\u00fade da gengiva e do osso que sustenta os dentes. Trata inflama\u00e7\u00f5es e infec\u00e7\u00f5es como gengivite e periodontite, prevenindo a perda dent\u00e1ria.<\/p>\n","protected":false},"excerpt":{"rendered":"<p>Foca na sa\u00fade da gengiva e do osso que sustenta os dentes. Trata inflama\u00e7\u00f5es e infec\u00e7\u00f5es como gengivite e periodontite, [&hellip;]<\/p>\n","protected":false},"author":1,"featured_media":0,"parent":0,"menu_order":0,"comment_status":"closed","ping_status":"closed","template":"","meta":{"footnotes":""},"class_list":["post-1028","page","type-page","status-publish","hentry"],"_links":{"self":[{"href":"https:\/\/facessclinica.com.br\/index.php\/wp-json\/wp\/v2\/pages\/1028","targetHints":{"allow":["GET"]}}],"collection":[{"href":"https:\/\/facessclinica.com.br\/index.php\/wp-json\/wp\/v2\/pages"}],"about":[{"href":"https:\/\/facessclinica.com.br\/index.php\/wp-json\/wp\/v2\/types\/page"}],"author":[{"embeddable":true,"href":"https:\/\/facessclinica.com.br\/index.php\/wp-json\/wp\/v2\/users\/1"}],"replies":[{"embeddable":true,"href":"https:\/\/facessclinica.com.br\/index.php\/wp-json\/wp\/v2\/comments?post=1028"}],"version-history":[{"count":2,"href":"https:\/\/facessclinica.com.br\/index.php\/wp-json\/wp\/v2\/pages\/1028\/revisions"}],"predecessor-version":[{"id":1093,"href":"https:\/\/facessclinica.com.br\/index.php\/wp-json\/wp\/v2\/pages\/1028\/revisions\/1093"}],"wp:attachment":[{"href":"https:\/\/facessclinica.com.br\/index.php\/wp-json\/wp\/v2\/media?parent=1028"}],"curies":[{"name":"wp","href":"https:\/\/api.w.org\/{rel}","templated":true}]}}